{"id":1224,"date":"2024-09-05T18:39:20","date_gmt":"2024-09-05T16:39:20","guid":{"rendered":"https:\/\/www.semsin.es\/web\/?page_id=1224"},"modified":"2024-09-06T13:04:01","modified_gmt":"2024-09-06T11:04:01","slug":"kit-consulting","status":"publish","type":"page","link":"https:\/\/www.semsin.es\/web\/kit-consulting\/","title":{"rendered":"Servicios Especializados de Kit Consulting para Pymes"},"content":{"rendered":"<p>[vc_row full_width=\u00bb\u00bb dt_id=\u00bbkitconsultingquees\u00bb][vc_column]<div style=\"clear:both; width:100%; height:20px\"><\/div>[vc_column_text]<\/p>\n<h2 style=\"text-align: center;\"><strong>Servicios Especializados de Kit Consulting para Pymes<\/strong><\/h2>\n<p><img loading=\"lazy\" class=\"aligncenter wp-image-1226\" src=\"https:\/\/www.semsin.es\/web\/wp-content\/uploads\/2024\/09\/logos_proyecto_KIT-CONSULTING_0.png\" alt=\"\" width=\"584\" height=\"85\" srcset=\"https:\/\/www.semsin.es\/web\/wp-content\/uploads\/2024\/09\/logos_proyecto_KIT-CONSULTING_0.png 2515w, https:\/\/www.semsin.es\/web\/wp-content\/uploads\/2024\/09\/logos_proyecto_KIT-CONSULTING_0-300x44.png 300w, https:\/\/www.semsin.es\/web\/wp-content\/uploads\/2024\/09\/logos_proyecto_KIT-CONSULTING_0-1024x149.png 1024w, https:\/\/www.semsin.es\/web\/wp-content\/uploads\/2024\/09\/logos_proyecto_KIT-CONSULTING_0-768x112.png 768w, https:\/\/www.semsin.es\/web\/wp-content\/uploads\/2024\/09\/logos_proyecto_KIT-CONSULTING_0-1536x224.png 1536w, https:\/\/www.semsin.es\/web\/wp-content\/uploads\/2024\/09\/logos_proyecto_KIT-CONSULTING_0-2048x298.png 2048w, https:\/\/www.semsin.es\/web\/wp-content\/uploads\/2024\/09\/logos_proyecto_KIT-CONSULTING_0-780x114.png 780w, https:\/\/www.semsin.es\/web\/wp-content\/uploads\/2024\/09\/logos_proyecto_KIT-CONSULTING_0-1120x163.png 1120w\" sizes=\"(max-width: 584px) 100vw, 584px\" \/>[\/vc_column_text][vc_separator]<div style=\"clear:both; width:100%; height:20px\"><\/div>[vc_row_inner][vc_column_inner][vc_column_text]<\/p>\n<h2 style=\"text-align: center;\"><strong>\u00bfQu\u00e9 es el Kit Consulting?<\/strong><\/h2>\n<div align=\"justify\">\n<div class=\"i4t-parrafos\" role=\"article\" aria-label=\"Texto del art\u00edculo.\" data-insuit-uuid=\"b288e526-0fc7-4f71-95f2-f5e112eb528d\">\n<p>Kit Consulting es un programa de ayudas\u00a0<strong class=\"insuit-b-to-strong\">dirigido a las pymes<\/strong>\u00a0y\u00a0<strong class=\"insuit-b-to-strong\">destinado a contratar servicios de asesoramiento digital especializado y personalizado<\/strong>\u00a0para sus negocios.<\/p>\n<p>Se trata de un programa de ayudas del Gobierno de Espa\u00f1a, gestionado por Red.es, entidad adscrita al Ministerio para la Transformaci\u00f3n Digital y de la Funci\u00f3n P\u00fablica a trav\u00e9s de la Secretar\u00eda de Estado de Digitalizaci\u00f3n e Inteligencia Artificial, cuyo objetivo es que\u00a0<strong class=\"insuit-b-to-strong\">las pymes\u00a0<\/strong>de entre 10 y menos de 250 empleados<strong class=\"insuit-b-to-strong\"> den un paso m\u00e1s en el camino de su digitalizaci\u00f3n.<\/strong><\/p>\n<\/div>\n<div class=\"i4t-include-i4t-class-englobarPorPStrongNotLink\" role=\"region\" aria-labelledby=\"i4t-id-1\" data-insuit-uuid=\"d6131a16-f563-40f9-89b5-8feee8106a1f\">\n<p>Con los servicios de asesoramiento, las pymes obtendr\u00e1n\u00a0<strong class=\"insuit-b-to-strong\">un itinerario para avanzar en la digitalizaci\u00f3n de su negocio<\/strong>\u00a0para que den el salto de la transici\u00f3n digital a la transformaci\u00f3n digital.<\/p>\n<\/div>\n<\/div>\n<p>[\/vc_column_text][vc_separator][\/vc_column_inner][\/vc_row_inner][vc_row_inner el_id=\u00bbayudakitconsulting\u00bb][vc_column_inner]<div style=\"clear:both; width:100%; height:20px\"><\/div>[vc_column_text]<\/p>\n<h2 style=\"text-align: center;\"><strong>\u00bfCu\u00e1l es la ayuda?<\/strong><\/h2>\n<p>[\/vc_column_text]<div style=\"clear:both; width:100%; height:20px\"><\/div><div class=\"pricing-table\"><div class=\"pricing-column first-column cols-3\"><div class=\"pricing-header\"><div class=\"package-title\">Entre 10 y menos de 50 empleados<\/div><div class=\"package-value\"><span class=\"package-currency\"><\/span><span class=\"package-price\">12.000 \u20ac<\/span><span class=\"package-time\"><\/span><\/div><\/div><div class=\"package-features\"><div class=\"signup\"><a  class=\"button orange   \" href=\"https:\/\/www.semsin.es\/web\/#contacto\">M\u00e1s informaci\u00f3n<\/a><\/div><\/div><\/div><div class=\"pricing-column even-column featured-column cols-3\"><div class=\"pricing-header\"><div class=\"column-shadow\"><\/div><div class=\"package-title\">Entre 50 y menos de 100 empleados<\/div><div class=\"package-value\"><span class=\"package-currency\"><\/span><span class=\"package-price\">18.000 \u20ac<\/span><span class=\"package-time\"><\/span><\/div><\/div><div class=\"package-features\"><div class=\"signup\"><a  class=\"button red   \" href=\"https:\/\/www.semsin.es\/web\/#contacto\">M\u00e1s informaci\u00f3n<\/a><\/div><\/div><\/div><div class=\"pricing-column last-column cols-3\"><div class=\"pricing-header\"><div class=\"package-title\">Entre 100 y menos de 250 empleados<\/div><div class=\"package-value\"><span class=\"package-currency\"><\/span><span class=\"package-price\">24.000 \u20ac<\/span><span class=\"package-time\"><\/span><\/div><\/div><div class=\"package-features\"><div class=\"signup\"><a  class=\"button orange   \" href=\"https:\/\/www.semsin.es\/web\/#contacto\">M\u00e1s informaci\u00f3n<\/a><\/div><\/div><\/div><\/div><br \/>\n<div style=\"clear:both; width:100%; height:60px\"><\/div>[\/vc_column_inner][\/vc_row_inner][vc_separator][vc_row_inner el_id=\u00bbkitayuda\u00bb][vc_column_inner][vc_single_image image=\u00bb531&#8243; img_size=\u00bb\u00bb alignment=\u00bbcenter\u00bb][vc_column_text]<\/p>\n<h2 style=\"text-align: center;\"><strong>\u00bfC\u00f3mo te podemos ayudar?<\/strong><\/h2>\n<p>En <strong>SEMSIN Inform\u00e1tica<\/strong>, nos dedicamos a proporcionar soluciones de consultor\u00eda tecnol\u00f3gica orientadas a acelerar la digitalizaci\u00f3n y mejorar la eficiencia de las pymes. Ofrecemos un enfoque integral que incluye an\u00e1lisis de datos avanzados, desarrollo de dashboards personalizados, optimizaci\u00f3n de procesos internos, mejoras en la producci\u00f3n y estrategias para maximizar el rendimiento empresarial. Nuestro objetivo es impulsar la transformaci\u00f3n digital de cada empresa, ayudando a optimizar su operativa, tomar decisiones m\u00e1s informadas y mantenerse competitiva en un entorno de constante evoluci\u00f3n.[\/vc_column_text][\/vc_column_inner][\/vc_row_inner][vc_separator][vc_row_inner el_id=\u00bbServiciosKIT\u00bb][vc_column_inner]<div style=\"clear:both; width:100%; height:20px\"><\/div>[vc_column_text]<\/p>\n<h2 class=\"elementor-heading-title elementor-size-default\" style=\"text-align: center;\"><strong>Servicios de Kit Consulting de <span style=\"color: #1a6ca4;\">SEMSIN<\/span><\/strong><\/h2>\n<div align=\"justify\">En SEMSIN Infom\u00e1tica podemos encargarnos de todo el proceso. Desde la tramitaci\u00f3n de la ayuda al desarrollo de la soluci\u00f3n tecnol\u00f3gica que mejor se adapte a tus objetivos o necesidades. Adem\u00e1s te acompa\u00f1aremos durante 12 meses para garantizar que todo sale bien.<\/div>\n<p>[\/vc_column_text]<div style=\"clear:both; width:100%; height:35px\"><\/div>[\/vc_column_inner][\/vc_row_inner][\/vc_column][\/vc_row][vc_row full_width=\u00bb\u00bb dt_id=\u00bbasdasdad\u00bb][vc_column][vc_tta_tabs color=\u00bbsky\u00bb spacing=\u00bb2&#8243; gap=\u00bb1&#8243; alignment=\u00bbcenter\u00bb autoplay=\u00bb20&#8243; active_section=\u00bb1&#8243; no_fill_content_area=\u00bbtrue\u00bb][vc_tta_section title=\u00bbAn\u00e1lisis de Datos (b\u00e1sico y avanzado)\u00bb tab_id=\u00bb1650971412641-79e48939-111&#8243;][vc_column_text]<\/p>\n<h2><\/h2>\n<h2 style=\"text-align: center;\"><strong>An\u00e1lisis de Datos (B\u00e1sico y avanzado)<\/strong><\/h2>\n<ul>\n<li>Detectar los datos de tu pyme que faciliten una mejor comprensi\u00f3n de la informaci\u00f3n disponible.<\/li>\n<li>Generar informaci\u00f3n valiosa mediante el procesamiento de datos con algoritmos de inteligencia artificial.<\/li>\n<li>Detectar oportunidades y posibles aplicaciones de la inteligencia artificial en el an\u00e1lisis de datos.<\/li>\n<li>Orientarte en el uso efectivo de la herramienta seleccionada para la explotaci\u00f3n de datos.<\/li>\n<li>Crear y llevar a cabo un caso de uso espec\u00edfico para el negocio en an\u00e1lisis de datos a nivel b\u00e1sico.<\/li>\n<li>Evaluar diversas herramientas de inteligencia artificial para el an\u00e1lisis y visualizaci\u00f3n de datos, sugiriendo la m\u00e1s adecuada seg\u00fan la situaci\u00f3n actual y la capacidad de inversi\u00f3n de tu pyme.<\/li>\n<li>Adicionalmente, puede asesorarte en los procesos de gobernanza, administraci\u00f3n y calidad de los datos seg\u00fan las normativas UNE 0077 \u00abGobierno del dato\u00bb, UNE 0078 \u00abGesti\u00f3n del Dato\u00bb y UNE 0079 \u00abGesti\u00f3n de la calidad del dato\u00bb<\/li>\n<\/ul>\n<h2 class=\"h2_title_underlined\"><strong>Importe de la ayuda<\/strong><\/h2>\n<ul>\n<li>10 &lt; 50 empleados:\u00a06.000\u20ac<\/li>\n<li>50 &lt; 100 empleados: 6.000\u20ac<\/li>\n<li>100 &lt; 250 empleados: 6.000\u20ac<\/li>\n<\/ul>\n<h3 style=\"text-align: center;\"><a href=\"https:\/\/www.semsin.es\/web\/#contacto\"><span style=\"color: #000000;\"><strong><br \/>\n<span style=\"color: #1a68a0;\">M\u00e1s informaci\u00f3n<\/span><\/strong><\/span><\/a><\/h3>\n<p>[\/vc_column_text][\/vc_tta_section][vc_tta_section title=\u00bbProcesos de negocio y producci\u00f3n\u00bb tab_id=\u00bb1650971440516-676bcced-222&#8243;][vc_column_text]<\/p>\n<h2><\/h2>\n<h2 style=\"text-align: center;\"><strong>Procesos de negocio y producci\u00f3n<\/strong><\/h2>\n<ul>\n<li>Informar eficazmente a tus empleados sobre la importancia estrat\u00e9gica de digitalizar procesos, resaltando c\u00f3mo esto optimiza el trabajo diario y fortalece la competitividad.<\/li>\n<li>Detectar oportunidades y posibles aplicaciones de la inteligencia artificial en procesos de negocio o, si corresponde, en procesos de producci\u00f3n.<\/li>\n<li>Crear y llevar a cabo un caso de uso espec\u00edfico para tu pyme, utilizando t\u00e9cnicas adecuadas para optimizar un proceso de negocio o, en su caso, un proceso de fabricaci\u00f3n.<\/li>\n<li>Entender las metas estrat\u00e9gicas y objetivos clave de tu pyme, aline\u00e1ndolos con la digitalizaci\u00f3n, el uso de inteligencia artificial y la mejora de procesos empresariales (o del proceso de fabricaci\u00f3n seleccionado).<\/li>\n<li>Evaluar los procesos empresariales actuales para detectar posibles mejoras. Para los procesos productivos, se analizar\u00e1 el proceso de fabricaci\u00f3n seleccionado, identificando oportunidades para mejorar eficiencia, calidad y lograr una mejora continua.<\/li>\n<li>Ofrecer asesoramiento especializado en herramientas de gesti\u00f3n de procesos empresariales e inteligencia artificial, abarcando \u00e1reas como ventas, recursos humanos y gesti\u00f3n de proyectos, y destacando soluciones espec\u00edficas para mejorar eficiencia y calidad. Si se opta por un proceso de fabricaci\u00f3n, se asesorar\u00e1 en herramientas y tecnolog\u00eda para optimizaci\u00f3n y automatizaci\u00f3n.<\/li>\n<\/ul>\n<h2 class=\"h2_title_underlined\"><strong>Importe de la ayuda<\/strong><\/h2>\n<ul>\n<li>10 &lt; 50 empleados:\u00a06.000\u20ac<\/li>\n<li>50 &lt; 100 empleados: 6.000\u20ac<\/li>\n<li>100 &lt; 250 empleados: 6.000\u20ac<\/li>\n<\/ul>\n<h3 style=\"text-align: center;\"><a href=\"https:\/\/www.semsin.es\/web\/#contacto\"><span style=\"color: #000000;\"><strong><br \/>\n<span style=\"color: #1a68a0;\">M\u00e1s informaci\u00f3n<\/span><\/strong><\/span><\/a><\/h3>\n<p>[\/vc_column_text][\/vc_tta_section][vc_tta_section title=\u00bbAsesoramiento en estrategia y rendimiento de negocio\u00bb tab_id=\u00bb1650971353815-7327bd08-3333&#8243;][vc_column_text]<\/p>\n<h2><\/h2>\n<h2 style=\"text-align: center;\"><strong>Asesoramiento en estrategia y rendimiento de negocio<\/strong><\/h2>\n<ul>\n<li>Establecer contigo una estrategia a mediano y largo plazo para implementar y optimizar la inteligencia de negocio con el objetivo de mejorar el rendimiento.<\/li>\n<li>Evaluar tu situaci\u00f3n actual en inteligencia de negocio para determinar necesidades, identificar brechas en el uso de tecnolog\u00edas y encontrar oportunidades de mejora.<\/li>\n<li>Dise\u00f1ar y ejecutar un caso de uso que muestre la efectividad de las t\u00e9cnicas de an\u00e1lisis de la competencia para mejorar la estrategia y el rendimiento del negocio.<\/li>\n<li>Detectar oportunidades y posibles aplicaciones de la inteligencia artificial en la estrategia y el rendimiento del negocio.<\/li>\n<li>Sugerir recomendaciones para desarrollar habilidades anal\u00edticas y promover una cultura de toma de decisiones basada en datos y algoritmos de inteligencia artificial en el entorno competitivo actual.<\/li>\n<li>Guiarte en la adopci\u00f3n de t\u00e9cnicas y herramientas avanzadas de aprendizaje autom\u00e1tico, inteligencia artificial y miner\u00eda de datos, ajustadas a las necesidades espec\u00edficas de tu pyme y alineadas con los objetivos del negocio.<\/li>\n<\/ul>\n<h2 class=\"h2_title_underlined\"><strong>Importe de la ayuda<\/strong><\/h2>\n<ul>\n<li>10 &lt; 50 empleados:\u00a06.000\u20ac<\/li>\n<li>50 &lt; 100 empleados: 6.000\u20ac<\/li>\n<li>100 &lt; 250 empleados: 6.000\u20ac<\/li>\n<\/ul>\n<h3 style=\"text-align: center;\"><a href=\"https:\/\/www.semsin.es\/web\/#contacto\"><span style=\"color: #000000;\"><strong><span style=\"color: #1a68a0;\">M\u00e1s informaci\u00f3n<\/span><\/strong><\/span><\/a><\/h3>\n<p>[\/vc_column_text][\/vc_tta_section][vc_tta_section title=\u00bb360\u00ba en transformaci\u00f3n digital\u00bb tab_id=\u00bb1651045415100-c5832bac-444&#8243;][vc_column_text]<\/p>\n<h2><\/h2>\n<h2 style=\"text-align: center;\"><strong>360\u00ba en Transformaci\u00f3n Digital<\/strong><\/h2>\n<div>\n<ul>\n<li>Analizar los procesos comerciales existentes para identificar \u00e1reas de tu pyme que podr\u00edan beneficiarse de la digitalizaci\u00f3n.<\/li>\n<li>Desarrollar y ejecutar un caso de uso adaptado al negocio, utilizando t\u00e9cnicas apropiadas, para conocer las ventajas de las herramientas digitales.<\/li>\n<li>Evaluar las herramientas y tecnolog\u00edas en uso, ofreci\u00e9ndote asesoramiento para optimizar su rendimiento y alinearlas con tus objetivos de transformaci\u00f3n digital.<\/li>\n<li>Desarrollar una estrategia clara y personalizada que articule los objetivos, plazos y pasos espec\u00edficos para la transformaci\u00f3n digital.<\/li>\n<li>Dise\u00f1ar e implementar programas de concienciaci\u00f3n para educar a tus empleados sobre la importancia estrat\u00e9gica de la transformaci\u00f3n digital.<\/li>\n<li>Identificar oportunidades o posibles usos de la IA en el \u00e1mbito de la transformaci\u00f3n digital.<\/li>\n<li>Establecer un marco para la innovaci\u00f3n continua y la adaptabilidad a medida que evolucionan las tecnolog\u00edas digitales.<\/li>\n<\/ul>\n<h2 class=\"h2_title_underlined\"><strong>Importe de la ayuda<\/strong><\/h2>\n<ul>\n<li>10 &lt; 50 empleados:\u00a06.000\u20ac<\/li>\n<li>50 &lt; 100 empleados: 6.000\u20ac<\/li>\n<li>100 &lt; 250 empleados: 6.000\u20ac<\/li>\n<\/ul>\n<h3 style=\"text-align: center;\"><a href=\"https:\/\/www.semsin.es\/web\/#contacto\"><span style=\"color: #000000;\"><strong><span style=\"color: #1a68a0;\">M\u00e1s informaci\u00f3n<\/span><\/strong><\/span><\/a><\/h3>\n<\/div>\n<p>[\/vc_column_text][\/vc_tta_section][\/vc_tta_tabs][\/vc_column][\/vc_row][vc_row dt_id=\u00bbpasosbono\u00bb][vc_column][vc_separator][vc_column_text]<\/p>\n<h2 style=\"text-align: center;\"><img loading=\"lazy\" class=\"aligncenter wp-image-1244\" style=\"font-size: 16px;\" src=\"https:\/\/www.semsin.es\/web\/wp-content\/uploads\/2024\/09\/LogoKit.png\" alt=\"\" width=\"348\" height=\"112\" srcset=\"https:\/\/www.semsin.es\/web\/wp-content\/uploads\/2024\/09\/LogoKit.png 1132w, https:\/\/www.semsin.es\/web\/wp-content\/uploads\/2024\/09\/LogoKit-300x96.png 300w, https:\/\/www.semsin.es\/web\/wp-content\/uploads\/2024\/09\/LogoKit-1024x329.png 1024w, https:\/\/www.semsin.es\/web\/wp-content\/uploads\/2024\/09\/LogoKit-768x247.png 768w, https:\/\/www.semsin.es\/web\/wp-content\/uploads\/2024\/09\/LogoKit-780x251.png 780w, https:\/\/www.semsin.es\/web\/wp-content\/uploads\/2024\/09\/LogoKit-1120x360.png 1120w\" sizes=\"(max-width: 348px) 100vw, 348px\" \/><\/h2>\n<div align=\"justify\">\n<p>El <strong>Programa Kit Consulting<\/strong> se posiciona como una excelente oportunidad para las pymes, brind\u00e1ndoles un enfoque estructurado hacia la digitalizaci\u00f3n.<\/p>\n<p>Con un <strong>asesoramiento digital personalizado y especializado desde SEMSIN Inform\u00e1tica<\/strong>, las pymes pueden incrementar su competitividad y consolidar su presencia en sus respectivos mercados.<\/p>\n<p>Adem\u00e1s, el programa ofrece un apoyo financiero considerable, de hasta 24.000 euros por empresa, junto con un extenso cat\u00e1logo de servicios de consultor\u00eda digital, lo que permite a cada empresa seleccionar las soluciones que mejor se ajusten a sus necesidades.<\/p>\n<\/div>\n<p>[\/vc_column_text][\/vc_column][\/vc_row][vc_row full_width=\u00bb\u00bb][vc_column]<div style=\"clear:both; width:100%; height:25px\"><\/div>[vc_btn title=\u00bbSolicitar m\u00e1s informaci\u00f3n\u00bb color=\u00bbprimary\u00bb size=\u00bblg\u00bb align=\u00bbcenter\u00bb link=\u00bburl:https%3A%2F%2Fwww.semsin.es%2Fweb%2F%23contacto||\u00bb][\/vc_column][\/vc_row]<\/p>\n","protected":false},"excerpt":{"rendered":"<p>[vc_row full_width=\u00bb\u00bb dt_id=\u00bbkitconsultingquees\u00bb][vc_column][vc_column_text] Servicios Especializados de Kit Consulting para Pymes [\/vc_column_text][vc_separator][vc_row_inner][vc_column_inner][vc_column_text] \u00bfQu\u00e9 es el Kit Consulting? Kit Consulting es un programa de ayudas\u00a0dirigido a las&#8230;<\/p>\n<p class=\"readmore\"><a class=\"more-btn\" href=\"https:\/\/www.semsin.es\/web\/kit-consulting\/\">Leer m\u00e1s<\/a><\/p>\n","protected":false},"author":1,"featured_media":0,"parent":0,"menu_order":0,"comment_status":"closed","ping_status":"closed","template":"","meta":{"_mi_skip_tracking":false},"_links":{"self":[{"href":"https:\/\/www.semsin.es\/web\/wp-json\/wp\/v2\/pages\/1224"}],"collection":[{"href":"https:\/\/www.semsin.es\/web\/wp-json\/wp\/v2\/pages"}],"about":[{"href":"https:\/\/www.semsin.es\/web\/wp-json\/wp\/v2\/types\/page"}],"author":[{"embeddable":true,"href":"https:\/\/www.semsin.es\/web\/wp-json\/wp\/v2\/users\/1"}],"replies":[{"embeddable":true,"href":"https:\/\/www.semsin.es\/web\/wp-json\/wp\/v2\/comments?post=1224"}],"version-history":[{"count":28,"href":"https:\/\/www.semsin.es\/web\/wp-json\/wp\/v2\/pages\/1224\/revisions"}],"predecessor-version":[{"id":1297,"href":"https:\/\/www.semsin.es\/web\/wp-json\/wp\/v2\/pages\/1224\/revisions\/1297"}],"wp:attachment":[{"href":"https:\/\/www.semsin.es\/web\/wp-json\/wp\/v2\/media?parent=1224"}],"curies":[{"name":"wp","href":"https:\/\/api.w.org\/{rel}","templated":true}]}}